{"id":359,"date":"2020-11-04T03:03:18","date_gmt":"2020-11-04T06:03:18","guid":{"rendered":"http:\/\/gestosemblematicos.vaelp-tl.com\/?page_id=359"},"modified":"2020-11-04T09:59:05","modified_gmt":"2020-11-04T12:59:05","slug":"minicursos","status":"publish","type":"page","link":"https:\/\/gestosemblematicos.vaelp-tl.com\/index.php\/minicursos\/","title":{"rendered":"MINICURSOS"},"content":{"rendered":"<p style=\"text-align: justify;\"><span style=\"color: #000000;\">1. OLIVEIRA, Fernando Augusto de Lima; SANTOS, Renata L\u00edvia de Ara\u00fajo. 2019. <strong>A Pesquisa Sociolingu\u00edstica no Sert\u00e3o e no Agreste Pernambucano.<\/strong> Minicurso ministrado na X Semana de Letras da UFRPE \u2013 Unidade Acad\u00eamica de Serra Talhada \u2013 PE.<\/span><\/p>\n","protected":false},"excerpt":{"rendered":"<p>1. OLIVEIRA, Fernando Augusto de Lima; SANTOS, Renata L\u00edvia de Ara\u00fajo. 2019. A Pesquisa Sociolingu\u00edstica no Sert\u00e3o e no Agreste Pernambucano. Minicurso ministrado na X Semana de Letras da UFRPE \u2013 Unidade Acad\u00eamica de Serra Talhada \u2013 PE.<\/p>\n","protected":false},"author":1,"featured_media":0,"parent":0,"menu_order":0,"comment_status":"closed","ping_status":"closed","template":"","meta":{"footnotes":""},"_links":{"self":[{"href":"https:\/\/gestosemblematicos.vaelp-tl.com\/index.php\/wp-json\/wp\/v2\/pages\/359"}],"collection":[{"href":"https:\/\/gestosemblematicos.vaelp-tl.com\/index.php\/wp-json\/wp\/v2\/pages"}],"about":[{"href":"https:\/\/gestosemblematicos.vaelp-tl.com\/index.php\/wp-json\/wp\/v2\/types\/page"}],"author":[{"embeddable":true,"href":"https:\/\/gestosemblematicos.vaelp-tl.com\/index.php\/wp-json\/wp\/v2\/users\/1"}],"replies":[{"embeddable":true,"href":"https:\/\/gestosemblematicos.vaelp-tl.com\/index.php\/wp-json\/wp\/v2\/comments?post=359"}],"version-history":[{"count":4,"href":"https:\/\/gestosemblematicos.vaelp-tl.com\/index.php\/wp-json\/wp\/v2\/pages\/359\/revisions"}],"predecessor-version":[{"id":390,"href":"https:\/\/gestosemblematicos.vaelp-tl.com\/index.php\/wp-json\/wp\/v2\/pages\/359\/revisions\/390"}],"wp:attachment":[{"href":"https:\/\/gestosemblematicos.vaelp-tl.com\/index.php\/wp-json\/wp\/v2\/media?parent=359"}],"curies":[{"name":"wp","href":"https:\/\/api.w.org\/{rel}","templated":true}]}}

<p style="text-align: justify;"><span style="color: #000000;">1. OLIVEIRA, Fernando Augusto de Lima; SANTOS, Renata Lívia de Araújo. 2019. <strong>A Pesquisa Sociolinguística no Sertão e no Agreste Pernambucano.</strong> Minicurso ministrado na X Semana de Letras da UFRPE – Unidade Acadêmica de Serra Talhada – PE.</span></p>

<p>1. OLIVEIRA, Fernando Augusto de Lima; SANTOS, Renata Lívia de Araújo. 2019. A Pesquisa Sociolinguística no Sertão e no Agreste Pernambucano. Minicurso ministrado na X Semana de Letras da UFRPE – Unidade Acadêmica de Serra Talhada – PE.</p>
