{"id":356,"date":"2020-11-04T03:01:54","date_gmt":"2020-11-04T06:01:54","guid":{"rendered":"http:\/\/gestosemblematicos.vaelp-tl.com\/?page_id=356"},"modified":"2020-11-04T09:59:55","modified_gmt":"2020-11-04T12:59:55","slug":"excelencia-academica","status":"publish","type":"page","link":"https:\/\/gestosemblematicos.vaelp-tl.com\/index.php\/excelencia-academica\/","title":{"rendered":"EXCEL\u00caNCIA ACAD\u00caMICA"},"content":{"rendered":"<p style=\"text-align: justify;\"><span style=\"color: #000000;\">1. OLIVEIRA, Fernando Augusto de Lima; SILVA, Paulo Henrique Alves da; CUNHA, Nilena Cl\u00e1udia Ratis Cavalcante da. 2019. <strong>Pr\u00eamio de excel\u00eancia acad\u00eamica concedido ao trabalho intitulado \u201cQuando o corpo fala: mapeamento de gestos emblem\u00e1ticos na comunidade de pr\u00e1tica quilombola Castainho, Garanhuns \u2013 PE\u201d.<\/strong> Apresentado no VIII Semin\u00e1rio de Pesquisa do Profletras.<\/span><\/p>\n","protected":false},"excerpt":{"rendered":"<p>1. OLIVEIRA, Fernando Augusto de Lima; SILVA, Paulo Henrique Alves da; CUNHA, Nilena Cl\u00e1udia Ratis Cavalcante da. 2019. Pr\u00eamio de excel\u00eancia acad\u00eamica concedido ao trabalho intitulado \u201cQuando o corpo fala: mapeamento de gestos emblem\u00e1ticos na comunidade de pr\u00e1tica quilombola Castainho,<\/p>\n","protected":false},"author":1,"featured_media":0,"parent":0,"menu_order":0,"comment_status":"closed","ping_status":"closed","template":"","meta":{"footnotes":""},"_links":{"self":[{"href":"https:\/\/gestosemblematicos.vaelp-tl.com\/index.php\/wp-json\/wp\/v2\/pages\/356"}],"collection":[{"href":"https:\/\/gestosemblematicos.vaelp-tl.com\/index.php\/wp-json\/wp\/v2\/pages"}],"about":[{"href":"https:\/\/gestosemblematicos.vaelp-tl.com\/index.php\/wp-json\/wp\/v2\/types\/page"}],"author":[{"embeddable":true,"href":"https:\/\/gestosemblematicos.vaelp-tl.com\/index.php\/wp-json\/wp\/v2\/users\/1"}],"replies":[{"embeddable":true,"href":"https:\/\/gestosemblematicos.vaelp-tl.com\/index.php\/wp-json\/wp\/v2\/comments?post=356"}],"version-history":[{"count":3,"href":"https:\/\/gestosemblematicos.vaelp-tl.com\/index.php\/wp-json\/wp\/v2\/pages\/356\/revisions"}],"predecessor-version":[{"id":391,"href":"https:\/\/gestosemblematicos.vaelp-tl.com\/index.php\/wp-json\/wp\/v2\/pages\/356\/revisions\/391"}],"wp:attachment":[{"href":"https:\/\/gestosemblematicos.vaelp-tl.com\/index.php\/wp-json\/wp\/v2\/media?parent=356"}],"curies":[{"name":"wp","href":"https:\/\/api.w.org\/{rel}","templated":true}]}}

EXCELÊNCIA ACADÊMICA

<p style="text-align: justify;"><span style="color: #000000;">1. OLIVEIRA, Fernando Augusto de Lima; SILVA, Paulo Henrique Alves da; CUNHA, Nilena Cláudia Ratis Cavalcante da. 2019. <strong>Prêmio de excelência acadêmica concedido ao trabalho intitulado “Quando o corpo fala: mapeamento de gestos emblemáticos na comunidade de prática quilombola Castainho, Garanhuns – PE”.</strong> Apresentado no VIII Seminário de Pesquisa do Profletras.</span></p>

<p>1. OLIVEIRA, Fernando Augusto de Lima; SILVA, Paulo Henrique Alves da; CUNHA, Nilena Cláudia Ratis Cavalcante da. 2019. Prêmio de excelência acadêmica concedido ao trabalho intitulado “Quando o corpo fala: mapeamento de gestos emblemáticos na comunidade de prática quilombola Castainho,</p>
