{"id":350,"date":"2020-11-04T02:58:49","date_gmt":"2020-11-04T05:58:49","guid":{"rendered":"http:\/\/gestosemblematicos.vaelp-tl.com\/?page_id=350"},"modified":"2020-11-04T09:57:59","modified_gmt":"2020-11-04T12:57:59","slug":"conferencias-palestras-mesas-redondas-comunicacoes","status":"publish","type":"page","link":"https:\/\/gestosemblematicos.vaelp-tl.com\/index.php\/conferencias-palestras-mesas-redondas-comunicacoes\/","title":{"rendered":"CONFER\u00caNCIAS\/PALESTRAS\/MESAS-REDONDAS\/COMUNICA\u00c7\u00d5ES"},"content":{"rendered":"<p><span style=\"color: #000000;\">1. OLIVEIRA, Fernando Augusto de Lima; SILVA, Paulo Henrique Alves da; CUNHA, Nilena Cl\u00e1udia Ratis Cavalcante da. 2020. <strong>Mapeamento de gestos emblem\u00e1ticos nas comunidades de pr\u00e1tica Ind\u00edgena Fulni-\u00f4 \u2013 \u00c1guas Belas\/PE e quilombola Castainho \u2013 Garanhuns\/PE.<\/strong> Apresenta\u00e7\u00e3o de trabalho na modalidade mesa-redonda no I Simp\u00f3sio Interdisciplinar de Pernambuco \u2013 I SINPE.<\/span><\/p>\n<p style=\"text-align: justify;\"><span style=\"color: #000000;\">2. OLIVEIRA, Fernando Augusto de Lima; SILVA, Paulo Henrique Alves da; CUNHA, Nilena Cl\u00e1udia Ratis Cavalcante da. 2020. <strong>Grupo de Estudos em An\u00e1lise e Descri\u00e7\u00e3o Lingu\u00edstica do Agreste Meridional Pernambucano: pesquisas atuais e suas m\u00faltiplas facetas.<\/strong> Apresenta\u00e7\u00e3o de trabalho na modalidade mesa-redonda na II Semana Cient\u00edfica do Agreste Pernambucano.<\/span><\/p>\n<p style=\"text-align: justify;\"><span style=\"color: #000000;\">3. CRUZ, Regina C\u00e9lia Fernandes Cruz. 2020. <strong>O corpo na gram\u00e1tica: gestos na constru\u00e7\u00e3o dos sentidos<\/strong>. Apresenta\u00e7\u00e3o de trabalho na modalidade mesa-redonda no Evento ao Vivo da ABRALIN.<\/span><\/p>\n<p style=\"text-align: justify;\"><span style=\"color: #000000;\">4. OLIVEIRA, Fernando Augusto de Lima; SILVA, Paulo Henrique Alves da; CUNHA, Nilena Cl\u00e1udia Ratis Cavalcante da. 2019. <strong>Quando o corpo fala: mapeamento de gestos emblem\u00e1ticos na comunidade de pr\u00e1tica quilombola Castainho, Garanhuns \u2013 PE<\/strong>. Comunica\u00e7\u00e3o oral apresentada no VIII Semin\u00e1rio de Pesquisa do Profletras.<\/span><\/p>\n","protected":false},"excerpt":{"rendered":"<p>1. OLIVEIRA, Fernando Augusto de Lima; SILVA, Paulo Henrique Alves da; CUNHA, Nilena Cl\u00e1udia Ratis Cavalcante da. 2020. Mapeamento de gestos emblem\u00e1ticos nas comunidades de pr\u00e1tica Ind\u00edgena Fulni-\u00f4 \u2013 \u00c1guas Belas\/PE e quilombola Castainho \u2013 Garanhuns\/PE. Apresenta\u00e7\u00e3o de trabalho na<\/p>\n","protected":false},"author":1,"featured_media":0,"parent":0,"menu_order":0,"comment_status":"closed","ping_status":"closed","template":"","meta":{"footnotes":""},"_links":{"self":[{"href":"https:\/\/gestosemblematicos.vaelp-tl.com\/index.php\/wp-json\/wp\/v2\/pages\/350"}],"collection":[{"href":"https:\/\/gestosemblematicos.vaelp-tl.com\/index.php\/wp-json\/wp\/v2\/pages"}],"about":[{"href":"https:\/\/gestosemblematicos.vaelp-tl.com\/index.php\/wp-json\/wp\/v2\/types\/page"}],"author":[{"embeddable":true,"href":"https:\/\/gestosemblematicos.vaelp-tl.com\/index.php\/wp-json\/wp\/v2\/users\/1"}],"replies":[{"embeddable":true,"href":"https:\/\/gestosemblematicos.vaelp-tl.com\/index.php\/wp-json\/wp\/v2\/comments?post=350"}],"version-history":[{"count":4,"href":"https:\/\/gestosemblematicos.vaelp-tl.com\/index.php\/wp-json\/wp\/v2\/pages\/350\/revisions"}],"predecessor-version":[{"id":388,"href":"https:\/\/gestosemblematicos.vaelp-tl.com\/index.php\/wp-json\/wp\/v2\/pages\/350\/revisions\/388"}],"wp:attachment":[{"href":"https:\/\/gestosemblematicos.vaelp-tl.com\/index.php\/wp-json\/wp\/v2\/media?parent=350"}],"curies":[{"name":"wp","href":"https:\/\/api.w.org\/{rel}","templated":true}]}}

CONFERÊNCIAS/PALESTRAS/MESAS-REDONDAS/COMUNICAÇÕES

<p><span style="color: #000000;">1. OLIVEIRA, Fernando Augusto de Lima; SILVA, Paulo Henrique Alves da; CUNHA, Nilena Cláudia Ratis Cavalcante da. 2020. <strong>Mapeamento de gestos emblemáticos nas comunidades de prática Indígena Fulni-ô – Águas Belas/PE e quilombola Castainho – Garanhuns/PE.</strong> Apresentação de trabalho na modalidade mesa-redonda no I Simpósio Interdisciplinar de Pernambuco – I SINPE.</span></p>
<p style="text-align: justify;"><span style="color: #000000;">2. OLIVEIRA, Fernando Augusto de Lima; SILVA, Paulo Henrique Alves da; CUNHA, Nilena Cláudia Ratis Cavalcante da. 2020. <strong>Grupo de Estudos em Análise e Descrição Linguística do Agreste Meridional Pernambucano: pesquisas atuais e suas múltiplas facetas.</strong> Apresentação de trabalho na modalidade mesa-redonda na II Semana Científica do Agreste Pernambucano.</span></p>
<p style="text-align: justify;"><span style="color: #000000;">3. CRUZ, Regina Célia Fernandes Cruz. 2020. <strong>O corpo na gramática: gestos na construção dos sentidos</strong>. Apresentação de trabalho na modalidade mesa-redonda no Evento ao Vivo da ABRALIN.</span></p>
<p style="text-align: justify;"><span style="color: #000000;">4. OLIVEIRA, Fernando Augusto de Lima; SILVA, Paulo Henrique Alves da; CUNHA, Nilena Cláudia Ratis Cavalcante da. 2019. <strong>Quando o corpo fala: mapeamento de gestos emblemáticos na comunidade de prática quilombola Castainho, Garanhuns – PE</strong>. Comunicação oral apresentada no VIII Seminário de Pesquisa do Profletras.</span></p>

<p>1. OLIVEIRA, Fernando Augusto de Lima; SILVA, Paulo Henrique Alves da; CUNHA, Nilena Cláudia Ratis Cavalcante da. 2020. Mapeamento de gestos emblemáticos nas comunidades de prática Indígena Fulni-ô – Águas Belas/PE e quilombola Castainho – Garanhuns/PE. Apresentação de trabalho na</p>
