{"id":279,"date":"2020-11-02T22:34:22","date_gmt":"2020-11-03T01:34:22","guid":{"rendered":"http:\/\/gestosemblematicos.vaelp-tl.com\/?page_id=279"},"modified":"2020-11-12T12:06:40","modified_gmt":"2020-11-12T15:06:40","slug":"protocolo-da-coleta-de-dados","status":"publish","type":"page","link":"https:\/\/gestosemblematicos.vaelp-tl.com\/index.php\/protocolo-da-coleta-de-dados\/","title":{"rendered":"Protocolo da Coleta de Dados"},"content":{"rendered":"<p style=\"text-align: center;\"><span style=\"font-size: 14pt; color: #000000;\"><strong>Protocolo da Coleta de Dados<\/strong><\/span><\/p>\n<p style=\"text-align: justify;\"><span style=\"color: #000000;\">A coleta de dados foi desenvolvida com 2 participantes por vez e com o mesmo perfil social. Utilizamos uma sala de ambiente fechado, quando foi poss\u00edvel, para facilitar tanto a proje\u00e7\u00e3o do v\u00eddeo quanto a grava\u00e7\u00e3o dos participantes durante a coleta de dados. O pesquisador projetou o v\u00eddeo com os gestos alvo em um computador port\u00e1til DELL, por etapas, de forma que os participantes pudessem visualizar apenas um gesto emblem\u00e1tico por vez. Uma vez projetado o gesto, o pesquisador perguntou o seguinte roteiro de perguntas:<\/span><\/p>\n<p><span style=\"color: #000000;\">1) se os participantes conhecem o gesto visualizado;<\/span><\/p>\n<p><span style=\"color: #000000;\">2) se os participantes conhecem o seu significado.<\/span><\/p>\n<p style=\"text-align: justify;\"><span style=\"color: #000000;\">Uma vez havendo coincid\u00eancia entre as respostas dos participantes e o significado previsto do gesto visualizado, passou-se a outro gesto emblem\u00e1tico e assim at\u00e9 o final.<\/span><\/p>\n<p style=\"text-align: justify;\"><span style=\"color: #000000;\">Entretanto, se o(s) participante(s) n\u00e3o conhecesse(m) o gesto visualizado e\/ou fornecesse(m) uma resposta de significado destoante do significado original previsto, o pesquisador voltou a perguntar:<\/span><\/p>\n<p style=\"text-align: justify;\"><span style=\"color: #000000;\">3) se o(s) participante(s) nunca viu\/viram o gesto antes;<\/span><\/p>\n<p style=\"text-align: justify;\"><span style=\"color: #000000;\">4) se o(s) participante(s) usa(m) outro gesto para aquele mesmo significado;<\/span><\/p>\n<p style=\"text-align: justify;\"><span style=\"color: #000000;\">5) se o gesto visualizado possui outro significado e contexto de uso na comunidade de pr\u00e1tica do(s) participante(s).<\/span><\/p>\n<p style=\"text-align: justify;\"><span style=\"color: #000000;\">Durante a aplica\u00e7\u00e3o do protocolo de coleta de dados, os participantes ficaram em p\u00e9 para terem seu corpo livre de impedimento para a produ\u00e7\u00e3o de gestos. Uma c\u00e2mera digital filmadora Mi Action Camera 4K foi posicionada de forma a captar todas as rea\u00e7\u00f5es e respostas dos participantes durante a coleta de dados. Tamb\u00e9m foi utilizada na coleta de dados a grava\u00e7\u00e3o em \u00e1udio das respostas dos participantes com um gravador TASCAM, modelo <em>DR100 Mkii<\/em>. As Grava\u00e7\u00f5es foram feitas em formato .wav, com taxa de amostragem de 24bits e resolu\u00e7\u00e3o de 48kHz. Utilizamos um microfone headset condensador cardioide unidirecional da marca Arcanjo, modelo WZ \u2013 1000. As grava\u00e7\u00f5es tiveram, em m\u00e9dia, dura\u00e7\u00e3o de 700 minutos de registros de fala.<\/span><\/p>\n","protected":false},"excerpt":{"rendered":"<p>Protocolo da Coleta de Dados A coleta de dados foi desenvolvida com 2 participantes por vez e com o mesmo perfil social. Utilizamos uma sala de ambiente fechado, quando foi poss\u00edvel, para facilitar tanto a proje\u00e7\u00e3o do v\u00eddeo quanto a<\/p>\n","protected":false},"author":1,"featured_media":0,"parent":0,"menu_order":0,"comment_status":"closed","ping_status":"closed","template":"","meta":{"footnotes":""},"_links":{"self":[{"href":"https:\/\/gestosemblematicos.vaelp-tl.com\/index.php\/wp-json\/wp\/v2\/pages\/279"}],"collection":[{"href":"https:\/\/gestosemblematicos.vaelp-tl.com\/index.php\/wp-json\/wp\/v2\/pages"}],"about":[{"href":"https:\/\/gestosemblematicos.vaelp-tl.com\/index.php\/wp-json\/wp\/v2\/types\/page"}],"author":[{"embeddable":true,"href":"https:\/\/gestosemblematicos.vaelp-tl.com\/index.php\/wp-json\/wp\/v2\/users\/1"}],"replies":[{"embeddable":true,"href":"https:\/\/gestosemblematicos.vaelp-tl.com\/index.php\/wp-json\/wp\/v2\/comments?post=279"}],"version-history":[{"count":6,"href":"https:\/\/gestosemblematicos.vaelp-tl.com\/index.php\/wp-json\/wp\/v2\/pages\/279\/revisions"}],"predecessor-version":[{"id":415,"href":"https:\/\/gestosemblematicos.vaelp-tl.com\/index.php\/wp-json\/wp\/v2\/pages\/279\/revisions\/415"}],"wp:attachment":[{"href":"https:\/\/gestosemblematicos.vaelp-tl.com\/index.php\/wp-json\/wp\/v2\/media?parent=279"}],"curies":[{"name":"wp","href":"https:\/\/api.w.org\/{rel}","templated":true}]}}

<p style="text-align: center;"><span style="font-size: 14pt; color: #000000;"><strong>Protocolo da Coleta de Dados</strong></span></p>
<p style="text-align: justify;"><span style="color: #000000;">A coleta de dados foi desenvolvida com 2 participantes por vez e com o mesmo perfil social. Utilizamos uma sala de ambiente fechado, quando foi possível, para facilitar tanto a projeção do vídeo quanto a gravação dos participantes durante a coleta de dados. O pesquisador projetou o vídeo com os gestos alvo em um computador portátil DELL, por etapas, de forma que os participantes pudessem visualizar apenas um gesto emblemático por vez. Uma vez projetado o gesto, o pesquisador perguntou o seguinte roteiro de perguntas:</span></p>
<p><span style="color: #000000;">1) se os participantes conhecem o gesto visualizado;</span></p>
<p><span style="color: #000000;">2) se os participantes conhecem o seu significado.</span></p>
<p style="text-align: justify;"><span style="color: #000000;">Uma vez havendo coincidência entre as respostas dos participantes e o significado previsto do gesto visualizado, passou-se a outro gesto emblemático e assim até o final.</span></p>
<p style="text-align: justify;"><span style="color: #000000;">Entretanto, se o(s) participante(s) não conhecesse(m) o gesto visualizado e/ou fornecesse(m) uma resposta de significado destoante do significado original previsto, o pesquisador voltou a perguntar:</span></p>
<p style="text-align: justify;"><span style="color: #000000;">3) se o(s) participante(s) nunca viu/viram o gesto antes;</span></p>
<p style="text-align: justify;"><span style="color: #000000;">4) se o(s) participante(s) usa(m) outro gesto para aquele mesmo significado;</span></p>
<p style="text-align: justify;"><span style="color: #000000;">5) se o gesto visualizado possui outro significado e contexto de uso na comunidade de prática do(s) participante(s).</span></p>
<p style="text-align: justify;"><span style="color: #000000;">Durante a aplicação do protocolo de coleta de dados, os participantes ficaram em pé para terem seu corpo livre de impedimento para a produção de gestos. Uma câmera digital filmadora Mi Action Camera 4K foi posicionada de forma a captar todas as reações e respostas dos participantes durante a coleta de dados. Também foi utilizada na coleta de dados a gravação em áudio das respostas dos participantes com um gravador TASCAM, modelo <em>DR100 Mkii</em>. As Gravações foram feitas em formato .wav, com taxa de amostragem de 24bits e resolução de 48kHz. Utilizamos um microfone headset condensador cardioide unidirecional da marca Arcanjo, modelo WZ – 1000. As gravações tiveram, em média, duração de 700 minutos de registros de fala.</span></p>

<p>Protocolo da Coleta de Dados A coleta de dados foi desenvolvida com 2 participantes por vez e com o mesmo perfil social. Utilizamos uma sala de ambiente fechado, quando foi possível, para facilitar tanto a projeção do vídeo quanto a</p>
