{"id":235,"date":"2020-11-02T17:32:16","date_gmt":"2020-11-02T20:32:16","guid":{"rendered":"http:\/\/gestosemblematicos.vaelp-tl.com\/?page_id=235"},"modified":"2020-11-17T15:14:29","modified_gmt":"2020-11-17T18:14:29","slug":"apresentacao","status":"publish","type":"page","link":"https:\/\/gestosemblematicos.vaelp-tl.com\/","title":{"rendered":"Apresenta\u00e7\u00e3o"},"content":{"rendered":"<p style=\"text-align: center;\"><span style=\"font-family: georgia, palatino, serif; font-size: 14pt; color: #000000;\"><strong>APRESENTA\u00c7\u00c3O<\/strong><\/span><\/p>\n<p style=\"text-align: justify;\"><span style=\"font-family: georgia, palatino, serif; font-size: 12pt; color: #000000;\"><span lang=\"PT\">O\u00a0 presente banco de dados constitui o acervo do projeto de P\u00f3s-Doutorado desenvolvido pelo Prof. Dr. Fernando Augusto de Lima Oliveira (UPE\/ CNPq) sob supervis\u00e3o da Profa. Dra. Regina C\u00e9lia Fernandes Cruz (UFPA\/ CNPq), cujo <\/span><span lang=\"PT\">objeto de estudo \u00e9 a descri\u00e7\u00e3o dos gestos emblem\u00e1ticos em um contexto intracultural, a fim de compreender o seu car\u00e1ter variacional em Comunidades de Pr\u00e1tica (ECKERT, 1998) com caracter\u00edsticas distintas regionalmente.<\/span><\/span><\/p>\n<p style=\"text-align: justify;\"><span style=\"color: #000000; font-family: georgia, palatino, serif;\">Utilizar gestos durante a comunica\u00e7\u00e3o \u00e9 uma atividade corriqueira para os falantes e os seus usos podem assumir diversas fun\u00e7\u00f5es e significa\u00e7\u00f5es a depender do local de intera\u00e7\u00e3o ou das inten\u00e7\u00f5es dos falantes. Estudar e entender como a significa\u00e7\u00e3o para esses gestos s\u00e3o constru\u00eddas, emerge como algo necess\u00e1rio nos estudos lingu\u00edsticos contempor\u00e2neos. <span lang=\"PT\" style=\"font-size: 12pt;\">Os gestos emblem\u00e1ticos s\u00e3o caracterizados por poderem ocorrer independentemente da fala e por serem estabelecidos socialmente, da\u00ed a import\u00e2ncia de um estudo descritivista que catalogue os usos dos emblemas e seus significados. <\/span><\/span><\/p>\n<p style=\"text-align: justify;\"><span style=\"font-family: georgia, palatino, serif; font-size: 12pt; color: #000000;\"><span lang=\"PT\">A proposta metodol\u00f3gica e epistemol\u00f3gica adotada foi inspirada nos trabalhos desenvolvidos por Matsumoto e Hwang (2013); Lindenberg; Uhlig; Scherfeld; Schlaug e Seitz (2012), que catalogaram e compararam os gestos emblem\u00e1ticos entre diferentes grupos culturais. O <\/span><i><span lang=\"PT\">corpus\u00a0<\/span><\/i><span lang=\"PT\">da presente pesquisa foi formado por 25 gestos emblem\u00e1ticos de maior ocorr\u00eancia no Portugu\u00eas Brasileiro (PB), cujos significado e contexto de uso foram avaliados metalinguisticamente por uma amostra formada por 40 ju\u00edzes, estratificados em comunidades de pr\u00e1tica (ind\u00edgena bil\u00edngue l\u00edngua materna\/portugu\u00eas, quilombola e surdos bil\u00edngues libras\/portugu\u00eas); sexo (feminino e masculino); e escolaridade (baixa &#8211; alfabetizado, fundamental s\u00e9ries iniciais e fundamental s\u00e9ries finais) e (alta &#8211; m\u00e9dio incompleto, m\u00e9dio completo, superior incompleto, superior completo).<\/span><\/span><\/p>\n<p style=\"text-align: justify;\"><span style=\"font-family: georgia, palatino, serif; font-size: 12pt; color: #000000;\"><span lang=\"PT\">O principal instrumento do protocolo de coleta de dados foi um v\u00eddeo gravado pela professora de Libras da Universidade de Pernambuco, que realizou os 25 gestos emblem\u00e1ticos selecionados para o <\/span><i><span lang=\"PT\">corpus<\/span><\/i><span lang=\"PT\">,<i>\u00a0<\/i><\/span><span lang=\"PT\">sem qualquer tipo de \u00e1udio. A utiliza\u00e7\u00e3o do v\u00eddeo para a constitui\u00e7\u00e3o do <em>corpora<\/em> teve duas finalidades: a) obter a avalia\u00e7\u00e3o metalingu\u00edstica do participante sobre o significado e o contexto de uso do gesto visualizado e; b) induzir os participantes a fornecerem outros gestos emblem\u00e1ticos relacionados ao gesto visualizado. Uma vez os dados coletados, mais tr\u00eas etapas, referentes ao tratamento do corpora, foram necess\u00e1rias: a) codifica\u00e7\u00e3o das grava\u00e7\u00f5es; b) transcri\u00e7\u00e3o e tratamento dos dados no ELAN; c) tratamento estat\u00edstico (utilizamos o programa estat\u00edstico \u2013R). Ap\u00f3s o tratamento dos dados no ELAN e a an\u00e1lise estat\u00edstica no \u2013 R, os resultados obtidos nos mostraram que: a) h\u00e1 emblemas diferentes assumindo o mesmo significado do gesto alvo; b) h\u00e1 varia\u00e7\u00e3o do gesto em rela\u00e7\u00e3o ao significado.\u00a0<\/span><\/span><\/p>\n<p style=\"text-align: justify;\"><span style=\"font-family: georgia, palatino, serif; font-size: 12pt; color: #000000;\"><span lang=\"PT\">A\u00a0<\/span><span lang=\"PT\">descri\u00e7\u00e3o dos resultados obtidos e a disponibiliza\u00e7\u00e3o\u00a0<\/span><i><span lang=\"PT\">online<\/span><\/i><span lang=\"PT\"> do banco de dados possibilitar\u00e3o o desenvolvimento de futuros trabalhos sobre os gestos emblem\u00e1ticos.<\/span><\/span><\/p>\n","protected":false},"excerpt":{"rendered":"<p>APRESENTA\u00c7\u00c3O O\u00a0 presente banco de dados constitui o acervo do projeto de P\u00f3s-Doutorado desenvolvido pelo Prof. Dr. Fernando Augusto de Lima Oliveira (UPE\/ CNPq) sob supervis\u00e3o da Profa. Dra. Regina C\u00e9lia Fernandes Cruz (UFPA\/ CNPq), cujo objeto de estudo \u00e9<\/p>\n","protected":false},"author":1,"featured_media":0,"parent":0,"menu_order":0,"comment_status":"closed","ping_status":"closed","template":"","meta":{"footnotes":""},"_links":{"self":[{"href":"https:\/\/gestosemblematicos.vaelp-tl.com\/index.php\/wp-json\/wp\/v2\/pages\/235"}],"collection":[{"href":"https:\/\/gestosemblematicos.vaelp-tl.com\/index.php\/wp-json\/wp\/v2\/pages"}],"about":[{"href":"https:\/\/gestosemblematicos.vaelp-tl.com\/index.php\/wp-json\/wp\/v2\/types\/page"}],"author":[{"embeddable":true,"href":"https:\/\/gestosemblematicos.vaelp-tl.com\/index.php\/wp-json\/wp\/v2\/users\/1"}],"replies":[{"embeddable":true,"href":"https:\/\/gestosemblematicos.vaelp-tl.com\/index.php\/wp-json\/wp\/v2\/comments?post=235"}],"version-history":[{"count":23,"href":"https:\/\/gestosemblematicos.vaelp-tl.com\/index.php\/wp-json\/wp\/v2\/pages\/235\/revisions"}],"predecessor-version":[{"id":445,"href":"https:\/\/gestosemblematicos.vaelp-tl.com\/index.php\/wp-json\/wp\/v2\/pages\/235\/revisions\/445"}],"wp:attachment":[{"href":"https:\/\/gestosemblematicos.vaelp-tl.com\/index.php\/wp-json\/wp\/v2\/media?parent=235"}],"curies":[{"name":"wp","href":"https:\/\/api.w.org\/{rel}","templated":true}]}}

Apresentação

<p style="text-align: center;"><span style="font-family: georgia, palatino, serif; font-size: 14pt; color: #000000;"><strong>APRESENTAÇÃO</strong></span></p>
<p style="text-align: justify;"><span style="font-family: georgia, palatino, serif; font-size: 12pt; color: #000000;"><span lang="PT">O  presente banco de dados constitui o acervo do projeto de Pós-Doutorado desenvolvido pelo Prof. Dr. Fernando Augusto de Lima Oliveira (UPE/ CNPq) sob supervisão da Profa. Dra. Regina Célia Fernandes Cruz (UFPA/ CNPq), cujo </span><span lang="PT">objeto de estudo é a descrição dos gestos emblemáticos em um contexto intracultural, a fim de compreender o seu caráter variacional em Comunidades de Prática (ECKERT, 1998) com características distintas regionalmente.</span></span></p>
<p style="text-align: justify;"><span style="color: #000000; font-family: georgia, palatino, serif;">Utilizar gestos durante a comunicação é uma atividade corriqueira para os falantes e os seus usos podem assumir diversas funções e significações a depender do local de interação ou das intenções dos falantes. Estudar e entender como a significação para esses gestos são construídas, emerge como algo necessário nos estudos linguísticos contemporâneos. <span lang="PT" style="font-size: 12pt;">Os gestos emblemáticos são caracterizados por poderem ocorrer independentemente da fala e por serem estabelecidos socialmente, daí a importância de um estudo descritivista que catalogue os usos dos emblemas e seus significados. </span></span></p>
<p style="text-align: justify;"><span style="font-family: georgia, palatino, serif; font-size: 12pt; color: #000000;"><span lang="PT">A proposta metodológica e epistemológica adotada foi inspirada nos trabalhos desenvolvidos por Matsumoto e Hwang (2013); Lindenberg; Uhlig; Scherfeld; Schlaug e Seitz (2012), que catalogaram e compararam os gestos emblemáticos entre diferentes grupos culturais. O </span><i><span lang="PT">corpus </span></i><span lang="PT">da presente pesquisa foi formado por 25 gestos emblemáticos de maior ocorrência no Português Brasileiro (PB), cujos significado e contexto de uso foram avaliados metalinguisticamente por uma amostra formada por 40 juízes, estratificados em comunidades de prática (indígena bilíngue língua materna/português, quilombola e surdos bilíngues libras/português); sexo (feminino e masculino); e escolaridade (baixa &#8211; alfabetizado, fundamental séries iniciais e fundamental séries finais) e (alta &#8211; médio incompleto, médio completo, superior incompleto, superior completo).</span></span></p>
<p style="text-align: justify;"><span style="font-family: georgia, palatino, serif; font-size: 12pt; color: #000000;"><span lang="PT">O principal instrumento do protocolo de coleta de dados foi um vídeo gravado pela professora de Libras da Universidade de Pernambuco, que realizou os 25 gestos emblemáticos selecionados para o </span><i><span lang="PT">corpus</span></i><span lang="PT">,<i> </i></span><span lang="PT">sem qualquer tipo de áudio. A utilização do vídeo para a constituição do <em>corpora</em> teve duas finalidades: a) obter a avaliação metalinguística do participante sobre o significado e o contexto de uso do gesto visualizado e; b) induzir os participantes a fornecerem outros gestos emblemáticos relacionados ao gesto visualizado. Uma vez os dados coletados, mais três etapas, referentes ao tratamento do corpora, foram necessárias: a) codificação das gravações; b) transcrição e tratamento dos dados no ELAN; c) tratamento estatístico (utilizamos o programa estatístico –R). Após o tratamento dos dados no ELAN e a análise estatística no – R, os resultados obtidos nos mostraram que: a) há emblemas diferentes assumindo o mesmo significado do gesto alvo; b) há variação do gesto em relação ao significado. </span></span></p>
<p style="text-align: justify;"><span style="font-family: georgia, palatino, serif; font-size: 12pt; color: #000000;"><span lang="PT">A </span><span lang="PT">descrição dos resultados obtidos e a disponibilização </span><i><span lang="PT">online</span></i><span lang="PT"> do banco de dados possibilitarão o desenvolvimento de futuros trabalhos sobre os gestos emblemáticos.</span></span></p>

<p>APRESENTAÇÃO O  presente banco de dados constitui o acervo do projeto de Pós-Doutorado desenvolvido pelo Prof. Dr. Fernando Augusto de Lima Oliveira (UPE/ CNPq) sob supervisão da Profa. Dra. Regina Célia Fernandes Cruz (UFPA/ CNPq), cujo objeto de estudo é</p>
