{"id":202,"date":"2020-10-13T00:52:40","date_gmt":"2020-10-13T03:52:40","guid":{"rendered":"http:\/\/gestosemblematicos.vaelp-tl.com\/?page_id=202"},"modified":"2021-11-13T23:49:47","modified_gmt":"2021-11-14T02:49:47","slug":"equipe-tecnico-cientifica","status":"publish","type":"page","link":"https:\/\/gestosemblematicos.vaelp-tl.com\/index.php\/equipe-tecnico-cientifica\/","title":{"rendered":"Equipe T\u00e9cnico-cient\u00edfica"},"content":{"rendered":"<p style=\"text-align: justify;\"><span style=\"color: #000000;\">O Banco de Dados Gestos Emblem\u00e1ticos do Portugu\u00eas Brasileiro conta com uma equipe cient\u00edfica respons\u00e1vel pelas atividades acad\u00eamicas e apoio cient\u00edfico e uma equipe t\u00e9cnica, respons\u00e1vel pela manuten\u00e7\u00e3o e opera\u00e7\u00e3o do Banco de Dados, assim como pelo desenvolvimento de novos recursos anal\u00edticos em colabora\u00e7\u00e3o com usu\u00e1rios interessados.<\/span><\/p>\n<p style=\"text-align: justify;\"><span style=\"font-size: 14pt; color: #000000;\"><strong>Equipe Cient\u00edfica<\/strong><\/span><\/p>\n<p style=\"text-align: justify;\"><span style=\"color: #000000;\"><strong>Prof. Dr. Fernando Augusto de Lima Oliveira<\/strong>. Prof. Adjunto IE, UPE\/Garanhuns. Bolsista de P\u00f3s-Doutorado J\u00fanior pelo CNPq; Doutor e Mestre em Lingu\u00edstica pela UFAL. L\u00edder do Grupo de Estudos em An\u00e1lise e Descri\u00e7\u00e3o Lingu\u00edstica \u2013 GEADLin (UPE\/CNPq). Acesse o lattes: <a style=\"color: #000000;\" href=\"http:\/\/lattes.cnpq.br\/2537203877318701\">http:\/\/lattes.cnpq.br\/2537203877318701<\/a><\/span><\/p>\n<p style=\"text-align: justify;\"><span style=\"color: #000000;\"><strong>Profa. Dra. Regina C\u00e9lia Fernandes Cruz<\/strong>. Profa. Associada IV, UFPA. Bolsista de Produtividade 1D do CNPq. P\u00f3s Doutora pela New York University \u2013 NYU; Doutora em Lingu\u00edstica pela Universit\u00e9 de Provence Aix Marseille I, Aix-Marseille I, Fran\u00e7a e Mestra em Lingu\u00edstica pela UFSC. \u00a0Membra da equipe Internacional AMPER (Atlas Prosodique Multimedia de l&#8217;Espace Roman) coordenado pela Universit\u00e9 de Grenoble (Fran\u00e7a). L\u00edder do Grupo de Pesquisa Vozes da Amaz\u00f4nia (UFPA\/CNPq). Acesse o lattes: <a style=\"color: #000000;\" href=\"http:\/\/lattes.cnpq.br\/3307472469778577\">http:\/\/lattes.cnpq.br\/3307472469778577<\/a><\/span><\/p>\n<p style=\"text-align: justify;\"><span style=\"color: #000000;\"><strong>Profa. Ma. Sirlene Vieira de Souza<\/strong>. Profa. Assistente, UPE. Doutoranda em Educa\u00e7\u00e3o pela UFAL; Mestra em Educa\u00e7\u00e3o Brasileira pela UFAL. Tem capacita\u00e7\u00e3o para Int\u00e9rprete da L\u00edngua Brasileira de Sinais pela AAPPE. Vice-L\u00edder do Grupo de Estudos em An\u00e1lise e Descri\u00e7\u00e3o Lingu\u00edstica \u2013 GEADLin (UPE\/CNPq). Acesse o lattes: <a style=\"color: #000000;\" href=\"http:\/\/lattes.cnpq.br\/1815329773344625\">http:\/\/lattes.cnpq.br\/1815329773344625<\/a><\/span><\/p>\n<p style=\"text-align: justify;\"><span style=\"color: #000000;\"><strong>Prof. Me. Anderson Francisco Vitorino<\/strong>. Prof. Assistente, UFAL. Mestre em Educa\u00e7\u00e3o pela UFS. Membro do Grupo de pesquisa de Pr\u00e1ticas de Aprendizagens Inovadoras e Integradoras (GPAII) e do Grupo de Estudos em An\u00e1lise e Descri\u00e7\u00e3o Lingu\u00edstica \u2013 GEADLin (UPE\/CNPq), Membro do Projeto de Pesquisa FALIBRAS &#8211; UFAL &#8211; sistema tecnol\u00f3gico que faz a tradu\u00e7\u00e3o do portugu\u00eas para Libras. Acesse o lattes: <a style=\"color: #000000;\" href=\"http:\/\/lattes.cnpq.br\/0431749235312279\">http:\/\/lattes.cnpq.br\/0431749235312279<\/a><\/span><\/p>\n<p style=\"text-align: justify;\"><span style=\"color: #000000;\"><strong>Prof. Dr. Almir Almeida de Oliveira<\/strong>. Prof. Adjunto, UNEAL \u2013 Palmeira dos \u00cdndios. P\u00f3s-Doutor em Lingu\u00edstica pela UFAL; Doutor e Mestre em Lingu\u00edstica pela UFAL. L\u00edder do Grupo de Estudo da Varia\u00e7\u00e3o Lingu\u00edstica de Alagoas \u2013 GEVAL (UNEAL\/CNPq). Acesse o lattes: <a style=\"color: #000000;\" href=\"http:\/\/lattes.cnpq.br\/7834238861014555\">http:\/\/lattes.cnpq.br\/7834238861014555<\/a>\u00a0<\/span><\/p>\n<p><span style=\"font-family: georgia, palatino, serif; font-size: 12pt; color: #000000;\"><strong>Profa. Ma. Thaise dos Santos Ten\u00f3rio<\/strong>. Professora pesquisadora do Grupo de Estudos em An\u00e1lise e Descri\u00e7\u00e3o Lingu\u00edstica (GEADLin\/UPE-CNPq). Membra da equipe do Gemport.BR. <span style=\"color: #000000;\">Acesse o lattes: http:\/\/lattes.cnpq.br\/4363487097004229<\/span><\/span><\/p>\n<p style=\"text-align: justify;\"><span style=\"font-size: 14pt; color: #000000;\"><strong>Equipe T\u00e9cnica<\/strong><\/span><\/p>\n<p style=\"text-align: justify;\"><span style=\"color: #000000;\"><strong>Vanderson Aureliano Barbosa<\/strong>. Graduando em Letras pela UNEAL-Palmeira dos \u00cdndios. Diretor de TI e desenvolvedor WEB. \u00a0Acesse o lattes: <a style=\"color: #000000;\" href=\"http:\/\/lattes.cnpq.br\/4481891197072913\">http:\/\/lattes.cnpq.br\/4481891197072913<\/a><\/span><\/p>\n<p style=\"text-align: justify;\"><span style=\"color: #000000;\"><strong>Kermelly Beatriz de Lima Silva<\/strong>. Graduada em Letras pela UPE-Garanhuns. Especialista em Metodologia da Ensino de L\u00edngua Portuguesa e Literatura pela UNIASSELVI. Pesquisadora do Grupo de Estudos em An\u00e1lise e Descri\u00e7\u00e3o Lingu\u00edstica \u2013 GEADLin (UPE\/CNPq). Acesse o lattes: \u00a0<a style=\"color: #000000;\" href=\"http:\/\/lattes.cnpq.br\/1083299556799036\">http:\/\/lattes.cnpq.br\/1083299556799036<\/a><\/span><\/p>\n<p style=\"text-align: justify;\"><span style=\"color: #000000;\"><strong>Dinailda dos Santos Almeida<\/strong>. Graduada em Letras pela UFPA. Membra do Projeto de Pesquisa Acento versus Entoa\u00e7\u00e3o no Portugu\u00eas Falado no Norte do Brasil: explora\u00e7\u00e3o dos dados dos corpora do Projeto AMPER-Norte (Atlas Pros\u00f3dico Multimedia do Portugu\u00eas do Norte do Brasil). Acesse o lattes:\u00a0 <a style=\"color: #000000;\" href=\"http:\/\/lattes.cnpq.br\/3105968272194863\">http:\/\/lattes.cnpq.br\/3105968272194863<\/a><\/span><\/p>\n<p style=\"text-align: justify;\"><span style=\"color: #000000;\"><strong>Paulo Henrique Alves da Silva<\/strong>. Graduando em Letras pela UPE-Garanhuns. Discente pesquisador do Grupo de Estudos em An\u00e1lise e Descri\u00e7\u00e3o Lingu\u00edstica \u2013 GEADLin (UPE\/CNPq). Acesse o lattes: <a style=\"color: #000000;\" href=\"http:\/\/lattes.cnpq.br\/5160618880943872\">http:\/\/lattes.cnpq.br\/5160618880943872<\/a><\/span><\/p>\n<p style=\"text-align: justify;\"><span style=\"color: #000000;\"><strong>Nilena Claudia Ratis Cavalcanti da Cunha<\/strong>. Graduanda em Letras pela UPE-Garanhuns. Discente pesquisadora do Grupo de Estudos em An\u00e1lise e Descri\u00e7\u00e3o Lingu\u00edstica \u2013 GEADLin (UPE\/CNPq). Acesse o lattes: \u00a0<a style=\"color: #000000;\" href=\"http:\/\/lattes.cnpq.br\/1739748302860985\">http:\/\/lattes.cnpq.br\/1739748302860985<\/a><\/span><\/p>\n<p style=\"text-align: justify;\"><span style=\"color: #000000;\"><strong>Dayanna Roberta Costa da Rocha<\/strong>. Graduada em Letras Portugu\u00eas pela Universidade Federal do Par\u00e1 (UFPA). Especialista em L\u00edngua Portuguesa e An\u00e1lise Liter\u00e1ria pela Universidade Estadual do Par\u00e1. Pesquisadora do Grupo Vozes da Amaz\u00f4nia &#8211; UFPA. Acesse o lattes: htp:\/\/lattes.cnpq.br\/5358620969582400<\/span><\/p>\n<p>&nbsp;<\/p>\n","protected":false},"excerpt":{"rendered":"<p>O Banco de Dados Gestos Emblem\u00e1ticos do Portugu\u00eas Brasileiro conta com uma equipe cient\u00edfica respons\u00e1vel pelas atividades acad\u00eamicas e apoio cient\u00edfico e uma equipe t\u00e9cnica, respons\u00e1vel pela manuten\u00e7\u00e3o e opera\u00e7\u00e3o do Banco de Dados, assim como pelo desenvolvimento de novos<\/p>\n","protected":false},"author":1,"featured_media":0,"parent":0,"menu_order":0,"comment_status":"closed","ping_status":"closed","template":"","meta":{"footnotes":""},"_links":{"self":[{"href":"https:\/\/gestosemblematicos.vaelp-tl.com\/index.php\/wp-json\/wp\/v2\/pages\/202"}],"collection":[{"href":"https:\/\/gestosemblematicos.vaelp-tl.com\/index.php\/wp-json\/wp\/v2\/pages"}],"about":[{"href":"https:\/\/gestosemblematicos.vaelp-tl.com\/index.php\/wp-json\/wp\/v2\/types\/page"}],"author":[{"embeddable":true,"href":"https:\/\/gestosemblematicos.vaelp-tl.com\/index.php\/wp-json\/wp\/v2\/users\/1"}],"replies":[{"embeddable":true,"href":"https:\/\/gestosemblematicos.vaelp-tl.com\/index.php\/wp-json\/wp\/v2\/comments?post=202"}],"version-history":[{"count":13,"href":"https:\/\/gestosemblematicos.vaelp-tl.com\/index.php\/wp-json\/wp\/v2\/pages\/202\/revisions"}],"predecessor-version":[{"id":455,"href":"https:\/\/gestosemblematicos.vaelp-tl.com\/index.php\/wp-json\/wp\/v2\/pages\/202\/revisions\/455"}],"wp:attachment":[{"href":"https:\/\/gestosemblematicos.vaelp-tl.com\/index.php\/wp-json\/wp\/v2\/media?parent=202"}],"curies":[{"name":"wp","href":"https:\/\/api.w.org\/{rel}","templated":true}]}}

Equipe Técnico-científica

<p style="text-align: justify;"><span style="color: #000000;">O Banco de Dados Gestos Emblemáticos do Português Brasileiro conta com uma equipe científica responsável pelas atividades acadêmicas e apoio científico e uma equipe técnica, responsável pela manutenção e operação do Banco de Dados, assim como pelo desenvolvimento de novos recursos analíticos em colaboração com usuários interessados.</span></p>
<p style="text-align: justify;"><span style="font-size: 14pt; color: #000000;"><strong>Equipe Científica</strong></span></p>
<p style="text-align: justify;"><span style="color: #000000;"><strong>Prof. Dr. Fernando Augusto de Lima Oliveira</strong>. Prof. Adjunto IE, UPE/Garanhuns. Bolsista de Pós-Doutorado Júnior pelo CNPq; Doutor e Mestre em Linguística pela UFAL. Líder do Grupo de Estudos em Análise e Descrição Linguística – GEADLin (UPE/CNPq). Acesse o lattes: <a style="color: #000000;" href="http://lattes.cnpq.br/2537203877318701">http://lattes.cnpq.br/2537203877318701</a></span></p>
<p style="text-align: justify;"><span style="color: #000000;"><strong>Profa. Dra. Regina Célia Fernandes Cruz</strong>. Profa. Associada IV, UFPA. Bolsista de Produtividade 1D do CNPq. Pós Doutora pela New York University – NYU; Doutora em Linguística pela Université de Provence Aix Marseille I, Aix-Marseille I, França e Mestra em Linguística pela UFSC.  Membra da equipe Internacional AMPER (Atlas Prosodique Multimedia de l&#8217;Espace Roman) coordenado pela Université de Grenoble (França). Líder do Grupo de Pesquisa Vozes da Amazônia (UFPA/CNPq). Acesse o lattes: <a style="color: #000000;" href="http://lattes.cnpq.br/3307472469778577">http://lattes.cnpq.br/3307472469778577</a></span></p>
<p style="text-align: justify;"><span style="color: #000000;"><strong>Profa. Ma. Sirlene Vieira de Souza</strong>. Profa. Assistente, UPE. Doutoranda em Educação pela UFAL; Mestra em Educação Brasileira pela UFAL. Tem capacitação para Intérprete da Língua Brasileira de Sinais pela AAPPE. Vice-Líder do Grupo de Estudos em Análise e Descrição Linguística – GEADLin (UPE/CNPq). Acesse o lattes: <a style="color: #000000;" href="http://lattes.cnpq.br/1815329773344625">http://lattes.cnpq.br/1815329773344625</a></span></p>
<p style="text-align: justify;"><span style="color: #000000;"><strong>Prof. Me. Anderson Francisco Vitorino</strong>. Prof. Assistente, UFAL. Mestre em Educação pela UFS. Membro do Grupo de pesquisa de Práticas de Aprendizagens Inovadoras e Integradoras (GPAII) e do Grupo de Estudos em Análise e Descrição Linguística – GEADLin (UPE/CNPq), Membro do Projeto de Pesquisa FALIBRAS &#8211; UFAL &#8211; sistema tecnológico que faz a tradução do português para Libras. Acesse o lattes: <a style="color: #000000;" href="http://lattes.cnpq.br/0431749235312279">http://lattes.cnpq.br/0431749235312279</a></span></p>
<p style="text-align: justify;"><span style="color: #000000;"><strong>Prof. Dr. Almir Almeida de Oliveira</strong>. Prof. Adjunto, UNEAL – Palmeira dos Índios. Pós-Doutor em Linguística pela UFAL; Doutor e Mestre em Linguística pela UFAL. Líder do Grupo de Estudo da Variação Linguística de Alagoas – GEVAL (UNEAL/CNPq). Acesse o lattes: <a style="color: #000000;" href="http://lattes.cnpq.br/7834238861014555">http://lattes.cnpq.br/7834238861014555</a> </span></p>
<p><span style="font-family: georgia, palatino, serif; font-size: 12pt; color: #000000;"><strong>Profa. Ma. Thaise dos Santos Tenório</strong>. Professora pesquisadora do Grupo de Estudos em Análise e Descrição Linguística (GEADLin/UPE-CNPq). Membra da equipe do Gemport.BR. <span style="color: #000000;">Acesse o lattes: http://lattes.cnpq.br/4363487097004229</span></span></p>
<p style="text-align: justify;"><span style="font-size: 14pt; color: #000000;"><strong>Equipe Técnica</strong></span></p>
<p style="text-align: justify;"><span style="color: #000000;"><strong>Vanderson Aureliano Barbosa</strong>. Graduando em Letras pela UNEAL-Palmeira dos Índios. Diretor de TI e desenvolvedor WEB.  Acesse o lattes: <a style="color: #000000;" href="http://lattes.cnpq.br/4481891197072913">http://lattes.cnpq.br/4481891197072913</a></span></p>
<p style="text-align: justify;"><span style="color: #000000;"><strong>Kermelly Beatriz de Lima Silva</strong>. Graduada em Letras pela UPE-Garanhuns. Especialista em Metodologia da Ensino de Língua Portuguesa e Literatura pela UNIASSELVI. Pesquisadora do Grupo de Estudos em Análise e Descrição Linguística – GEADLin (UPE/CNPq). Acesse o lattes:  <a style="color: #000000;" href="http://lattes.cnpq.br/1083299556799036">http://lattes.cnpq.br/1083299556799036</a></span></p>
<p style="text-align: justify;"><span style="color: #000000;"><strong>Dinailda dos Santos Almeida</strong>. Graduada em Letras pela UFPA. Membra do Projeto de Pesquisa Acento versus Entoação no Português Falado no Norte do Brasil: exploração dos dados dos corpora do Projeto AMPER-Norte (Atlas Prosódico Multimedia do Português do Norte do Brasil). Acesse o lattes:  <a style="color: #000000;" href="http://lattes.cnpq.br/3105968272194863">http://lattes.cnpq.br/3105968272194863</a></span></p>
<p style="text-align: justify;"><span style="color: #000000;"><strong>Paulo Henrique Alves da Silva</strong>. Graduando em Letras pela UPE-Garanhuns. Discente pesquisador do Grupo de Estudos em Análise e Descrição Linguística – GEADLin (UPE/CNPq). Acesse o lattes: <a style="color: #000000;" href="http://lattes.cnpq.br/5160618880943872">http://lattes.cnpq.br/5160618880943872</a></span></p>
<p style="text-align: justify;"><span style="color: #000000;"><strong>Nilena Claudia Ratis Cavalcanti da Cunha</strong>. Graduanda em Letras pela UPE-Garanhuns. Discente pesquisadora do Grupo de Estudos em Análise e Descrição Linguística – GEADLin (UPE/CNPq). Acesse o lattes:  <a style="color: #000000;" href="http://lattes.cnpq.br/1739748302860985">http://lattes.cnpq.br/1739748302860985</a></span></p>
<p style="text-align: justify;"><span style="color: #000000;"><strong>Dayanna Roberta Costa da Rocha</strong>. Graduada em Letras Português pela Universidade Federal do Pará (UFPA). Especialista em Língua Portuguesa e Análise Literária pela Universidade Estadual do Pará. Pesquisadora do Grupo Vozes da Amazônia &#8211; UFPA. Acesse o lattes: htp://lattes.cnpq.br/5358620969582400</span></p>
<p>&nbsp;</p>

<p>O Banco de Dados Gestos Emblemáticos do Português Brasileiro conta com uma equipe científica responsável pelas atividades acadêmicas e apoio científico e uma equipe técnica, responsável pela manutenção e operação do Banco de Dados, assim como pelo desenvolvimento de novos</p>
